 l?
27
Let c be 7/(2*(-1)/(-14)). Suppose 0*y = -y + 5. Suppose 4*x - 15 = -5*t, 2*t + y*x + 11 = -0*t. Calculate the greatest common divisor of t and c.
7
Let a(q) = -q**2 + 4*q + 1. Let u be a(3). Suppose 32 = u*h - 16. Suppose -z + 7 = -3*l, -z + 0*l - 2*l + h = 0. What is the greatest common factor of z and 4?
2
Suppose 0 = 8*o - 105 + 33. Suppose -2*l + 45 = 3*l. Calculate the highest common factor of l and o.
9
Suppose 2*x + 2*i - 25 = 7, -64 = -4*x - 5*i. Calculate the highest common factor of 112 and x.
16
Let y = 17 + -4. What is the highest common factor of y and 117?
13
Let v be -10 + 15 - (1 + -2). What is the highest common factor of 30 and v?
6
Let s(p) = -p**2 + 8*p + 10. Let z be s(8). Let l be 132/30 + 6/z. Let m = 15 - l. Calculate the greatest common divisor of 20 and m.
10
Let t be (-28)/(-98) - (-107)/(-7). Let m be (-24)/(1 - t/(-6)). What is the greatest common divisor of 8 and m?
8
Let i be ((-20)/(-60))/((-2)/(-30)). Calculate the highest common factor of 80 and i.
5
Suppose 3*r + 71 = d - 101, 0 = 5*d + 3*r - 932. Calculate the highest common factor of d and 46.
46
Let w = -38 + 54. Suppose 4*l - 3*b - 24 = -b, 5*b = -2*l. Suppose -3 = q - l. Calculate the highest common divisor of w and q.
2
Let i = 30 + 24. What is the greatest common factor of i and 135?
27
Suppose -4*u = 5*a - 11, -2*a + 7 = 2*u + 1. Suppose -2*p = -u*p + 8. Calculate the greatest common divisor of p and 4.
4
Let d(w) = -2*w - 12. Let p be d(-20). What is the greatest common divisor of p and 308?
28
Let l(c) = -4*c + 4. Let n be l(-2). Calculate the highest common factor of n and 96.
12
Suppose h - 5*f - 35 = -4*h, 17 = 2*h + f. Suppose -4*m = 0, -h = -3*q + 4*m + 94. Calculate the greatest common factor of q and 85.
17
Let g = 21 - -7. Let y be (3 - (1 + 1))*-2. Let h be 211/3 + y/6. Calculate the highest common divisor of h and g.
14
Let f(l) be the second derivative of l**4/12 - 2*l**3/3 - 3*l**2 + 2*l. Let g be f(-6). Calculate the highest common divisor of 36 and g.
18
Suppose y = 6*y + 30. Let c be y/27 - 573/(-27). What is the greatest common divisor of 7 and c?
7
Let h(q) = 31*q - 2. Let v(r) = -3*r**3 - 2*r**2 - r. Let l be v(-1). Let a be h(l). Calculate the highest common divisor of a and 12.
12
Let r(h) = -h**3 + 2*h**2 + 5*h. Let y be r(3). What is the greatest common factor of 2 and y?
2
Let t be (49 - 19)/((-3)/(-4)). Calculate the greatest common factor of t and 4.
4
Let p = 93 + -49. Let d = p - 24. What is the highest common factor of 10 and d?
10
Let r = 111 + -40. Let g = r + -43. Suppose -g = -s + 6. Calculate the greatest common divisor of 51 and s.
17
Suppose 65 = 2*a - 3*m, 8 = -m + 3. Suppose -11 - a = -3*c. Let n be (c/10)/((-4)/(-90)). What is the highest common factor of 9 and n?
9
Suppose 5*r + 15 = 2*r. Let g(t) = -t - 1. Let b be g(r). Suppose b*i + 292 = 4*f, 8 - 20 = 4*i. Calculate the highest common factor of 14 and f.
14
Let s = 42 - -3. Let m(p) = p - 1. Let b be m(6). Let x = b + 4. Calculate the greatest common factor of s and x.
9
Let j = 1 - -2. Let y(p) = -3*p. Let u be 20/(-6) + (-1)/(-3). Let k be y(u). What is the highest common factor of j and k?
3
Suppose 0*t - 40 = -4*t. What is the highest common factor of t and 80?
10
Let b(k) be the third derivative of -k**4/8 - k**3/6 - 5*k**2. Let m be b(-3). What is the highest common factor of 64 and m?
8
Let v be -5*3/((-6)/16). Suppose -2*d - 2*d = -16. Suppose -d = 3*w - 19. What is the greatest common factor of v and w?
5
Let t be (-42)/(-5) + 2/(-5). Suppose -3 = -5*k + n, -4*k - 2*n + t = -0*k. Let l be (k + 5)*(-20)/(-6). Calculate the greatest common divisor of l and 30.
10
Suppose -5*f = -173 + 1118. Let p be 1/((3/f)/(-1)). What is the greatest common factor of 9 and p?
9
Suppose -5*j + 52 + 3 = 0. Let m(q) = q**2 + 4*q - 4. Let p be m(-4). Let r be -2*1/p*2. What is the highest common divisor of r and j?
1
Let s be -22*1*(-2)/4. What is the greatest common divisor of 99 and s?
11
Let q(b) = -b**3 + 10*b**2 + 3*b + 1. Let s be q(8). Let g be 2 - 1 - -1*s. What is the highest common divisor of g and 22?
22
Suppose 27*l - 29*l + 406 = 0. Calculate the greatest common divisor of l and 29.
29
Suppose -5*g + 6*x - x = -305, -3*x - 3 = 0. Calculate the highest common divisor of 20 and g.
20
Let j(v) = -82*v - 1. Let d be j(-1). Suppose m = -2*m + d. What is the greatest common divisor of m and 9?
9
Let s(v) = -v + 12. Let a be s(9). Suppose 3*p = 4*d + a - 15, 0 = -4*p. Let u be d + 9 - (2 + -2). Calculate the greatest common divisor of 12 and u.
12
Let h = 7 + 2. Suppose 6*v - h*v + 42 = 0. Calculate the greatest common factor of v and 98.
14
Let p be 12/((1 - -1) + -1). Suppose -t + 2 = -1. Suppose 0 = -t*r + 139 + 41. Calculate the highest common divisor of r and p.
12
Let f(q) = -4*q - 1. Let z be f(-8). What is the highest common factor of 248 and z?
31
Suppose -19 - 31 = -2*m - 4*r, -r = -m + 10. Calculate the highest common factor of m and 5.
5
Suppose 9 = 5*n - 81. Calculate the greatest common divisor of n and 18.
18
Let n = 39 + -18. Let y = n - 12. What is the greatest common divisor of y and 6?
3
Let r(u) = -7 + 18*u**2 + 2 + 5. Let g be r(1). Suppose 5*c = 2*b + 180, -10 = 4*c - 3*b - 154. What is the highest common factor of g and c?
18
Let i be (-2)/(-12) - 3/18. Suppose 4*j + 5*d + 85 = i, -2*j + 3*j - 2*d + 5 = 0. Let p = j + 39. Calculate the highest common factor of p and 192.
24
Suppose 0 = -d - 5*s + 30 - 8, 4*s = 16. What is the highest common divisor of d and 1?
1
Let y = 50 - 21. Calculate the greatest common factor of y and 29.
29
Let g(f) = f**3 - f**2 + f + 9. Let y be g(0). Let i be (-30)/y*(-168)/10. Let b = 7 + 0. Calculate the highest common divisor of i and b.
7
Let q(a) = a**3 - 7*a**2 + a - 8. Let r be q(7). Let p(c) = -2*c. Let y be p(r). What is the highest common factor of y and 1?
1
Let w = 12 + -4. Let o be (14 + 2)/(2/w). Calculate the highest common factor of o and 8.
8
Let t = 126 - 87. Let l(h) = 3*h**2 - 6*h + 2. Let s be l(4). Calculate the greatest common divisor of t and s.
13
Let h = 69 + -49. Calculate the highest common factor of 30 and h.
10
Let z = -10 + 15. Suppose u + u - 161 = -z*p, 0 = 3*p - 3*u - 105. Suppose 24 = 3*k - p. Calculate the highest common divisor of 171 and k.
19
Let d be (-1)/5 - (4644/(-45) - -7). What is the highest common factor of d and 12?
12
Suppose -s - 33 = -45. Calculate the highest common factor of 8 and s.
4
Let z be ((-39)/(-12))/((-2)/(-16)). Suppose 4*i + z + 6 = 0. Let w be (-8)/(-3)*(-54)/i. Calculate the greatest common divisor of w and 72.
18
Let d(y) = 18*y - 2. Let s be d(9). Calculate the greatest common factor of 20 and s.
20
Suppose 3 = -j + 2, -521 = 4*m - 3*j. Let o = m - -246. Calculate the highest common factor of o and 23.
23
Suppose -2*h + 26 = -54. Let m be (-2)/(-8) - (-310)/h. Calculate the highest common divisor of m and 64.
8
Suppose -7*l + 5*l + 72 = 0. Calculate the greatest common divisor of 4 and l.
4
Suppose -5*y + 29 + 21 = 0. Calculate the greatest common divisor of 5 and y.
5
Let l(g) = g**3 + 7*g**2 - g + 3. Let y be l(-6). Calculate the greatest common divisor of 5 and y.
5
Let r(j) = 2*j**3 - j**2 + 10. Let d be r(0). What is the highest common divisor of 90 and d?
10
Suppose -2*b - 3 = -5. Let p be -4 + 2 + b + 8. What is the greatest common factor of 7 and p?
7
Let y be (-42)/8 - (-3)/12. Let w = y - -4. Let a be w/((-3)/(19 - 1)). What is the greatest common divisor of a and 36?
6
Let i = 8 - 3. Suppose 4*g - 29 = -p + 77, 0 = i*g + 5. Let d(c) = -c**2 - 9*c + 2. Let z be d(-8). What is the highest common divisor of p and z?
10
Let i = 90 - 48. What is the greatest common factor of i and 28?
14
Suppose 0 = 4*c - 3*b - 461, -3*c + 5*b - b = -344. Suppose -2*p + 34 = -c. What is the highest common factor of 15 and p?
15
Suppose 0*n + 70 = n - 3*f, -3*n + 2*f = -175. Calculate the highest common divisor of 5 and n.
5
Let d(k) = k**3 - 7*k**2 + k - 5. Let u be d(7). What is the highest common factor of u and 2?
2
Suppose 0 = 3*g - 0*g - 27. What is the highest common divisor of 3 and g?
3
Let y = 99 - -99. Calculate the highest common divisor of 22 and y.
22
Let q be (2*4)/(0 + 2). Suppose 3 = -q*m + 35. What is the greatest common factor 